130*z + 51. What is b(2)?
-17
Let l(o) = -84*o**2 - 154*o - 450. Calculate l(-3).
-744
Let d(f) = 40*f**2 + 3309*f + 298. Give d(-83).
1211
Let t(n) = 1478*n**2 + 5164*n + 1. Give t(-3).
-2189
Let j(q) = 2683*q - 716438. Determine j(267).
-77
Let n(u) = -12*u**3 + 1489*u**2 - 20*u - 12860. Give n(124).
36
Let a(k) = 4514*k + 153973. What is a(-34)?
497
Let u(l) = 1815*l + 136093. Calculate u(-75).
-32
Let u(k) = 682*k - 89737. Calculate u(132).
287
Let r(j) = 2*j**3 + 432*j**2 - 364*j + 110733. Determine r(-218).
-11
Let p(r) = -r**2 - 17*r - 658. Determine p(-24).
-826
Let b(c) = 3342*c**2 + 26727*c - 66. What is b(-8)?
6
Let p(g) = -472*g + 6482. Give p(18).
-2014
Let z(f) = -f**3 - 15*f**2 + 1690*f + 19012. Calculate z(-11).
-62
Let w(a) = 420*a - 3129. What is w(0)?
-3129
Let j(u) = 327*u + 13395. Give j(-41).
-12
Let k(m) = -12*m**2 - 1025*m - 2420. Determine k(-83).
-13
Let u(i) = -1237*i - 4927. Calculate u(-4).
21
Let l(t) = -19*t**3 + 17*t**2 - 160*t + 143. Calculate l(1).
-19
Let l(g) = -g**3 - 373*g**2 - 353*g + 7119. Calculate l(-372).
51
Let k(g) = 6*g**2 + 265*g + 1. Determine k(-43).
-300
Let g(d) = 3*d**3 + 18*d**2 - 6*d - 156. Determine g(-6).
-120
Let f(m) = 27854*m + 83045. Determine f(-3).
-517
Let p(t) = 2*t**3 - 160*t**2 + 66*t + 7256. Determine p(79).
-12
Let o(u) = -u**3 + 198*u**2 + 405*u - 1016. Give o(200).
-16
Let q(n) = 5784*n - 277624. Determine q(48).
8
Let i(n) = 3114*n - 152591. Determine i(49).
-5
Let h(m) = 77*m - 1870. Determine h(17).
-561
Let w(t) = -t**3 + 114*t**2 - 32*t + 3776. What is w(114)?
128
Let z(c) = c**3 - 1217*c**2 - 12263*c - 11. What is z(-10)?
-81
Let s(o) = o**2 + 614*o + 41803. Calculate s(-78).
-5
Let c(n) = n**3 - 68*n**2 + 74*n + 55. Calculate c(67).
524
Let j(z) = -701*z - 300726. Calculate j(-429).
3
Let r(l) = -190094*l + 3801874. Give r(20).
-6
Let m(z) = -1040*z - 82950. Calculate m(-80).
250
Let h(n) = -2842*n + 28418. Give h(10).
-2
Let p(s) = -s**3 + 62*s**2 + 10*s + 248. What is p(62)?
868
Let o(d) = -3*d**3 + 889*d**2 + 6376*d - 8. Give o(-7).
-50
Let i(q) = -q**2 + 48289*q + 2900960. What is i(-60)?
20
Let v(c) = 257908*c - 773721. Calculate v(3).
3
Let h(x) = -x**3 - 300*x**2 + 9547*x + 1974. Give h(-329).
0
Let f(i) = 319*i - 9127. Give f(28).
-195
Let q(o) = -o**3 + 17*o**2 - 101*o + 648. Determine q(10).
338
Let x(c) = 54841*c - 54718. What is x(1)?
123
Let c(j) = 9*j**2 + 36*j + 158. Determine c(-7).
347
Let y(h) = -283*h**2 - 2773*h - 682. Calculate y(-10).
-1252
Let o(i) = -158*i - 15038. Calculate o(-102).
1078
Let h(g) = g**2 + 586*g + 85744. Determine h(-304).
16
Let o(q) = 268*q**2 - 16332*q - 978. What is o(61)?
-2
Let m(k) = -63*k**2 - 8751*k + 920. Calculate m(-139).
86
Let m(d) = 10*d**3 + 451*d**2 - 945*d - 44591. What is m(-45)?
-41
Let p(t) = 58*t**2 - 7256*t + 496. Calculate p(125).
-254
Let m(i) = -4406*i + 6349041. Determine m(1441).
-5
Let b(i) = 112*i**2 - 214*i - 13. Calculate b(2).
7
Let n(w) = -w**3 - 189*w**2 - 7040*w - 62. Calculate n(-51).
40
Let n(f) = 236946*f - 4028074. Calculate n(17).
8
Let m(o) = -54*o - 14318. Calculate m(-215).
-2708
Let n(w) = -94*w**3 + 279*w**2 - 52*w + 219. Calculate n(4).
-1541
Let w(u) = -6*u**3 - 57*u**2 + 73*u + 6. What is w(4)?
-998
Let f(k) = k**3 - 38*k**2 - 158*k - 492. Determine f(42).
-72
Let r(h) = 3317*h + 64680. Calculate r(-19).
1657
Let k(i) = -151*i**2 - 67*i - 163. Determine k(-6).
-5197
Let g(j) = 1756*j - 86058. What is g(49)?
-14
Let i(x) = -5594*x + 184272. Calculate i(33).
-330
Let z(l) = 7*l**3 + 920*l**2 + 346*l - 5483. Give z(-131).
674
Let l(o) = 6325*o - 17722. Give l(3).
1253
Let n(j) = 39254*j - 117909. Give n(3).
-147
Let o(m) = 3389*m - 16778. Determine o(5).
167
Let r(d) = -d**3 - 122*d**2 - 1118*d + 272. Calculate r(-112).
48
Let p(n) = -1839*n - 290625. Calculate p(-158).
-63
Let c(t) = 2252*t - 177865. What is c(79)?
43
Let k(g) = 924*g**2 - 6829*g + 22. Calculate k(7).
-2505
Let d(l) = -340782*l - 10564244. Calculate d(-31).
-2
Let v(h) = -h**3 - 67*h**2 + 66*h + 4308. Determine v(-67).
-114
Let l(c) = -2*c**3 + 595*c**2 - 3209*c - 330884. What is l(290)?
6
Let f(u) = -6*u**3 + 120*u**2 + 48*u - 1011. Calculate f(20).
-51
Let l(f) = -4*f**3 - 77*f**2 - 34*f + 808. What is l(-18)?
-200
Let u(p) = p**3 - 8*p**2 - 15363*p + 303. Give u(128).
-81
Let a(t) = -t**3 - 125*t**2 - 837*t + 4587. Calculate a(-11).
0
Let j(k) = -989*k + 6742. Calculate j(7).
-181
Let o(q) = 19240*q - 134632. Determine o(7).
48
Let c(a) = a**3 + 492*a**2 + 25*a + 12336. Determine c(-492).
36
Let z(g) = -2625*g + 26346. Calculate z(10).
96
Let c(z) = -3*z**3 + 27*z**2 - 662*z + 9181. Give c(14).
-3027
Let w(l) = -l**3 - 504*l**2 + 8826*l + 139. Determine w(17).
-388
Let j(r) = -r**3 - 31*r**2 + 2083*r + 50185. Give j(-22).
3
Let x(u) = -2*u**2 - 302*u - 6648. Determine x(-21).
-1188
Let l(x) = 1221*x + 8748. What is l(-7)?
201
Let j(z) = -981*z + 21543. Give j(22).
-39
Let j(y) = 5048*y - 75638. Determine j(15).
82
Let z(h) = 2*h**2 - 483*h + 23491. What is z(174)?
1
Let q(d) = -17*d**3 + 2957*d**2 + 175*d - 135. Give q(174).
39
Let t(f) = 17*f**2 + 251*f - 8638. Determine t(-31).
-82
Let m(y) = 8*y**3 - 1216*y**2 + 1200*y + 1238. What is m(151)?
30
Let h(r) = -252*r**2 - 7749*r - 5635. Determine h(-30).
35
Let l(z) = z**3 + 141*z**2 + 9264*z + 79541. Calculate l(-10).
1
Let p(b) = 47*b**2 + 475*b - 951. Determine p(2).
187
Let y(f) = -637535*f + 1912591. Determine y(3).
-14
Let f(y) = 14*y**3 + 51*y**2 - 10*y + 17. What is f(-7)?
-2216
Let g(b) = -7*b**3 + 20*b**2 + 121*b - 288. What is g(6)?
-354
Let p(g) = 5903*g + 295130. What is p(-50)?
-20
Let f(s) = -11*s**3 - 2*s**2 + 9*s + 17. Calculate f(2).
-61
Let q(r) = -4*r**3 - 85*r**2 + 482*r + 176. What is q(-26)?
488
Let g(n) = n**3 + 552*n**2 + 2909*n + 95179. Determine g(-547).
1
Let z(f) = 13*f**2 - 686*f - 13488. Determine z(68).
-24
Let x(g) = 209*g + 45126. Give x(-216).
-18
Let q(j) = -6572*j - 65703. Determine q(-10).
17
Let s(b) = b**3 + 56*b**2 + 713*b - 171. Calculate s(-20).
-31
Let n(w) = w**3 - 17*w**2 - 946*w + 17575. Give n(20).
-145
Let m(b) = 2*b**3 - 17*b**2 - 495*b + 4374. What is m(9)?
0
Let y(m) = -2*m**3 + 94*m**2 - 115*m + 886. Determine y(46).
-172
Let d(i) = 9*i**2 + 7969*i + 400190. Give d(-832).
-2
Let h(t) = 299*t - 5114. What is h(3)?
-4217
Let h(p) = 333*p + 1643. Calculate h(-4).
311
Let n(x) = 31*x**2 + 2121*x + 12669. Give n(-6).
1059
Let l(f) = f**3 - 15*f**2 + 31*f - 233. Give l(14).
5
Let l(q) = 2017*q - 310603. What is l(154)?
15
Let y(o) = o**3 + 38*o**2 - 137*o - 26. What is y(4)?
98
Let p(k) = 2*k**3 - 123*k**2 + 846*k - 1968. Determine p(54).
-24
Let s(m) = -204*m - 28031. What is s(-138)?
121
Let c(l) = -l**3 + 119*l**2 + 1737*l + 3. Determine c(-14).
1753
Let v(i) = 19*i**2 + 251*i + 491. Give v(-17).
1715
Let t(w) = 268*w - 10687. What is t(38)?
-503
Let a(h) = 48882*h + 146571. What is a(-3)?
-75
Let f(y) = 18526*y - 3334693. Calculate f(180).
-13
Let l(t) = 4960*t - 164. Calculate l(0).
-164
Let w(v) = -1946*v + 3808. Give w(2).
-84
Let a(n) = -50*n**2 - 34512*n + 34554. Determine a(1).
-8
Let q(o) = -o**2 - 981*o + 26176. Give q(-1007).
-6
Let w(q) = 6*q**2 + 13854*q + 124211. Calculate w(-9).
11
Let v(u) = 10836*u - 19829905. Determine v(1830).
-25
Let l(b) = 123*b + 3966. Calculate l(-28).
522
Let r(t) = -167*t**3 - 325*t**2 - 232*t - 459. Determine r(-2).
41
Let i(a) = a**3 + 17*a**2 + 86*a + 205. Calculate i(-11).
-15
Let q(v) = 4*v**2 - 102*v - 1327. Calculate q(41).
1215
Let n(i) = i**3 - 45*i**2 - 39*i - 532. Determine n(46).
-210
Let a(t) = 80*t**2 - 356*t - 12675. Give a(15).
-15
Let t(x) = 484*x - 1207. Calculate t(2).
-239
Let z(o) = 4*o**2 - 1446*o - 62237. Give z(-39).
241
Let s(r) = -3226*r - 86988. Determine s(-27).
114
Let h(f) = -6*f**3 - 622*f**2 - 419*f - 717. Calculate h(-103).
4
Let l(x) = -236667*x + 3313321. Calculate l(14).
-17
Let b(m) = 668*m + 90152. Give b(-134).
640
Let b(d) = -337*d**2 - 1036*d - 11. Determine b(-3).
64
Let j(b) = -102*b**2 - 2858*b - 10. Determine j(-27).
2798
Let a(k) = 2186*k - 284192. Calculate a(130).
-12
Let y(b) = -216368*b + 865387. Calculate y(4).
-85
Let q(p) = 2620*p - 406108. Determine q(155).
-8
Let l(r) = 1681209*r + 62204729. What is l(-37)?
-4
Let 